2, 9400933
List the prime factors of 7744960023.
3, 29, 89022529
What are the prime factors of 151907000?
2, 5, 7, 21701
List the prime factors of 158690970.
2, 3, 5, 1181, 1493
What are the prime factors of 3852493149?
3, 1579, 813277
List the prime factors of 74147848.
2, 53, 174877
List the prime factors of 1711359669.
3, 10463, 54521
What are the prime factors of 60269520?
2, 3, 5, 19, 13217
List the prime factors of 179430882.
2, 3, 827, 36161
What are the prime factors of 381778579?
7, 13, 677, 6197
What are the prime factors of 753069903?
3, 2273, 110437
List the prime factors of 33964375.
5, 31, 1753
What are the prime factors of 1865739270?
2, 3, 5, 62191309
What are the prime factors of 3064572675?
3, 5, 41, 332203
What are the prime factors of 135121225?
5, 37, 146077
What are the prime factors of 3591707978?
2, 19, 94518631
What are the prime factors of 49932064?
2, 7, 13, 1319
What are the prime factors of 187635327?
3, 11, 47, 120977
List the prime factors of 56210654.
2, 179, 157013
What are the prime factors of 226317850?
2, 5, 11, 587, 701
List the prime factors of 2090523152.
2, 47, 131, 21221
List the prime factors of 2017654308.
2, 3, 19, 389, 7583
What are the prime factors of 44721181?
179, 229, 1091
List the prime factors of 175988979.
3, 19554331
What are the prime factors of 7247917987?
23, 47, 1901, 3527
What are the prime factors of 562398344?
2, 70299793
What are the prime factors of 17662029?
3, 7, 11, 157, 487
What are the prime factors of 235519491?
3, 47, 103, 16217
What are the prime factors of 7594676?
2, 41, 46309
What are the prime factors of 17094900?
2, 3, 5, 56983
What are the prime factors of 7766462?
2, 11, 353021
List the prime factors of 25035406.
2, 11, 1137973
List the prime factors of 546001343.
3929, 138967
List the prime factors of 721041187.
721041187
List the prime factors of 73323564.
2, 3, 6110297
List the prime factors of 56735362.
2, 28367681
List the prime factors of 5111354539.
71, 71990909
List the prime factors of 2492783520.
2, 3, 5, 5193299
List the prime factors of 1704670.
2, 5, 11, 15497
List the prime factors of 590421202.
2, 7, 283, 149021
List the prime factors of 365940741.
3, 19, 23, 279131
List the prime factors of 66003105.
3, 5, 7, 193, 3257
List the prime factors of 447563293.
29, 15433217
List the prime factors of 3855609.
3, 428401
What are the prime factors of 139837125?
3, 5, 23, 31, 523
What are the prime factors of 140322653?
3229, 43457
What are the prime factors of 2377476019?
499, 4764481
List the prime factors of 21364263.
3, 23, 34403
List the prime factors of 210363115.
5, 6221, 6763
What are the prime factors of 30607880?
2, 5, 37, 20681
List the prime factors of 56259023.
53, 467, 2273
What are the prime factors of 127273348?
2, 41, 776057
What are the prime factors of 41518500?
2, 3, 5, 89, 311
List the prime factors of 48402845.
5, 37, 261637
List the prime factors of 5081061.
3, 29, 58403
What are the prime factors of 2407513001?
29851, 80651
What are the prime factors of 3367667189?
2293, 1468673
What are the prime factors of 466537706?
2, 1381, 168913
What are the prime factors of 4856986648?
2, 23531, 25801
List the prime factors of 2620165417.
19, 9241, 14923
List the prime factors of 471929059.
7, 3607, 18691
What are the prime factors of 36919043?
7, 1523, 3463
What are the prime factors of 67619148?
2, 3, 5634929
What are the prime factors of 109666268?
2, 229, 119723
List the prime factors of 65214584.
2, 17, 67, 421
What are the prime factors of 169765546?
2, 37, 317, 7237
What are the prime factors of 16401300?
2, 3, 5, 23, 2377
What are the prime factors of 82615262?
2, 41307631
What are the prime factors of 41733279?
3, 7, 220811
List the prime factors of 1873154315.
5, 374630863
List the prime factors of 1200324387.
3, 400108129
What are the prime factors of 204597586?
2, 19, 5384147
List the prime factors of 5466107212.
2, 5881, 232363
What are the prime factors of 1177541967?
3, 7, 19, 2951233
List the prime factors of 47596352.
2, 743693
What are the prime factors of 1613262670?
2, 5, 41, 1889, 2083
What are the prime factors of 250418873?
250418873
What are the prime factors of 251600183?
9067, 27749
What are the prime factors of 799325087?
11, 72665917
List the prime factors of 387944958.
2, 3, 64657493
List the prime factors of 3518673721.
3881, 906641
What are the prime factors of 1069973664?
2, 3, 89, 125231
What are the prime factors of 605517673?
149, 4063877
What are the prime factors of 29056906?
2, 43, 337871
List the prime factors of 187678565.
5, 53, 708221
List the prime factors of 1029324592.
2, 107, 601241
List the prime factors of 2980756660.
2, 5, 7, 21291119
What are the prime factors of 198533097?
3, 7, 3151319
What are the prime factors of 58755117?
3, 19585039
List the prime factors of 34976511.
3, 19, 137, 1493
What are the prime factors of 104216573?
271, 373, 1031
What are the prime factors of 173443856?
2, 19, 570539
List the prime factors of 144709420.
2, 5, 29, 249499
List the prime factors of 55182033.
3, 2043779
What are the prime factors of 40323724?
2, 7, 83, 17351
What are the prime factors of 2171937680?
2, 5, 11, 17, 47, 3089
What are the prime factors of 2942505129?
3, 17, 19, 61, 67, 743
What are the prime factors of 4088088358?
2, 31, 65936909
What are the prime factors of 218790965?
5, 41, 449, 2377
List the prime factors of 13829778.
2, 3, 85369
List the prime factors of 40829709.
3, 29, 16183
What are the prime factors of 32711040?
2, 3, 5, 631
What are the prime factors of 119814514?
2, 439, 136463
What are the prime factors of 2176314119?
7, 23, 13517479
What are the prime factors of 95681847?
3, 2423, 13163
What are the prime factors of 87898331?
3761, 23371
What are the prime factors of 57741124?
2, 7, 263, 7841
List the prime factors of 31628578.
2, 19, 832331
What are the prime factors of 1564881483?
3, 11, 487, 97373
List the prime factors of 1494349701.
3, 13, 79, 485021
What are the prime factors of 5358554004?
2, 3, 446546167
List the prime factors of 2120580753.
3, 67, 449, 23497
List the prime factors of 82546692.
2, 3, 6878891
What are the prime factors of 347832418?
2, 43, 79, 51197
List the prime factors of 150748086.
2, 3, 83, 271, 1117
List the prime factors of 5788712.
2, 723589
List the prime factors of 54634207.
197, 277331
List the prime factors of 45473257.
45473257
What are the prime factors of 551947169?
19, 23, 29, 97, 449
List the prime factors of 343659243.
3, 79, 131, 11069
List the prime factors of 53773014.
2, 3, 8962169
What are the prime factors of 459328119?
3, 153109373
List the prime factors of 1075268536.
2, 223, 602729
What are the prime factors of 253798304?
2, 17, 71, 6571
List the prime factors of 143819533.
11, 13, 409, 2459
List the prime factors of 3607222785.
3, 5, 15137, 15887
List the prime factors of 294848924.
2, 109, 676259
What are the prime factors of 27803969?
27803969
List the prime factors of 179567896.
2, 61, 227, 1621
What are the prime factors of 79333694?
2, 11, 139, 25943
What are the prime factors of 206873208?
2, 3, 41, 70079
What are the prime factors of 32808211?
32808211
List the prime factors of 2462433063.
3, 41, 20019781
List the prime factors of 1218951877.
11, 13, 191, 3433
List the prime factors of 976756487.
7, 6917, 20173
What are the prime factors of 2300162480?
2, 5, 7, 11, 181, 2063
List the prime factors of 576994338.
2, 3, 32055241
List the prime factors of 4989702.
2, 3, 831617
What are the prime factors of 558380669?
7, 11, 191, 37967
List the prime factors of 639783094.
2, 29, 97, 113719
List the prime factors of 3077687975.
5, 853, 144323
What are the prime factors of 122787771?
3, 149, 274693
What are the prime factors of 43389573?
3, 3719, 3889
List the prime factors of 28092755.
5, 17, 349, 947
What are the prime factors of 67663989?
3, 29, 131, 1979
List the prime factors of 177909684.
2, 3, 14825807
What are the prime factors of 4781632664?
2, 597704083
List the prime factors of 138889142.
2, 7, 9920653
What are the prime factors of 176101652?
2, 19, 2317127
What are the prime factors of 312803914?
2, 509, 307273
What are the prime factors of 194091846?
2, 3, 13, 2488357
What are the prime factors of 332602074?
